+ 4. Let i be -2 - (-8 - (2 + -3)). Let j be w(i). Let d be 10/2 + 2 + j. Let v(n) = n**2 - 7*n + 8. Determine v(d).
2
Let g(a) = 7*a - 1. Let b be g(-4). Let i = -1 - b. Let x be i/(-8) - (-2)/4. Let r(y) = y. What is r(x)?
-3
Let b(r) = -5*r - 8*r**2 - 2*r + 3*r - 1 + 5*r. Give b(1).
-8
Let s(c) = -c**3 + 2*c**2 + 2*c + 3. Let a(g) = 10*g + 1. Let p be a(2). Let x = p + -18. Determine s(x).
0
Let p(o) = -o - 8. Let t = 2 + -9. Determine p(t).
-1
Let c(u) = -u**2 - 4*u + u - 9 - 3*u - u. What is c(-6)?
-3
Let w(n) = n - n - n + 4 - n**2. Let j(i) = -i**3 + 5*i**2 + 2*i - 6. Let k be j(5). Suppose 0 = 4*p - 8 - k. Give w(p).
-8
Let s(u) = u**2 + 2*u - 7. Let o(y) = 2*y**2 + 5*y - 13. Let z(g) = -3*o(g) + 5*s(g). What is z(-6)?
-2
Let d = -9 + 10. Let m(z) = -d + 2*z + z - 4*z - z**2. What is m(-3)?
-7
Let b(d) = -23*d**2 + 46*d**2 + 6*d - 22*d**2 - 8. What is b(-8)?
8
Suppose -8*o + 4*o = -b, -b + 1 = -5*o. Let g(l) = -l - 2. Give g(b).
2
Let l(m) = -5 + 5 - 2*m + 1 - 2*m**2. Let z be (0 + -4)/(2/5). Let t = z + 11. Give l(t).
-3
Suppose -5*c + 5*i - 10 = 0, -i - 3 - 3 = -5*c. Let h(z) = 6*z**c - 1 - 11*z**2 + 0*z**3 + z**3 + z. Give h(5).
4
Let k(o) = 10 + o + o - 13. Determine k(-4).
-11
Let l(y) be the second derivative of 0*y**4 + 1/2*y**2 + 0*y**3 - 13/20*y**5 - 3*y + 0. What is l(1)?
-12
Suppose -5*n + 5 = -20. Let j = 2 - n. Let k(v) be the second derivative of v**3/3 - 3*v**2/2 + v. What is k(j)?
-9
Let p(k) be the third derivative of k**6/120 + k**5/12 - k**4/3 - 3*k**3/2 + 16*k**2. What is p(-6)?
3
Suppose 4*o - 2*r = r - 32, 0 = -4*o + 2*r - 28. Let l(c) be the second derivative of c**4/12 + 2*c**3/3 - c**2 + 28*c. Give l(o).
3
Suppose 0 = -3*j + 2*j - 4. Let m(l) = -l**2 + 14*l + 17. Let b be 4/(-2)*(-5)/(-2). Let r(p) = -p**2 + 21*p + 25. Let q(x) = b*r(x) + 7*m(x). Calculate q(j).
-10
Let p(u) = -u**3 + 4*u**2 + 6*u. Suppose 3*q - 14 = -4*r, -2*r + 2*q + q = 2. Suppose 3 = l - r. Calculate p(l).
5
Let u = -1 + 5. Suppose 4*g - 9 = -w, 21 = -5*w + u*g - 2*g. Let k(r) = r**3 + r**2 - 3*r - 2. Give k(w).
-11
Let d(m) = m - 1. Suppose 10 = -3*x - x - 5*g, 0 = -x - g - 2. Suppose x = 5*r - 0*r. Determine d(r).
-1
Let z(s) = s**2 + 5*s + 1. Let p(a) = -a**3 - 16*a**2 - a - 21. Let v be p(-16). Determine z(v).
1
Let x(v) = 11*v**2 + 5*v + 17. Let w(z) = 5*z**2 + 2*z + 8. Let r(n) = 13*w(n) - 6*x(n). What is r(-5)?
-3
Let m = 1 - 7. Let i = m + 6. Let r(p) = p**2 - 1. What is r(i)?
-1
Let j(c) be the first derivative of 3*c + c**3 + 7 + c**2 - 3*c + c. Give j(-1).
2
Let b be (-16)/(-6) - (-6)/(-9). Let j(n) = 6 - n**2 - 2*n + 0 - b - 2. What is j(2)?
-6
Suppose -48 = -5*b + 77. Suppose 5*g + 2*m - 47 = b, -5*m - 4 = g. Suppose -4*h = -0*h - g. Let v(c) = c**3 - 5*c**2 + 3*c. Determine v(h).
-4
Let h(c) = -c + 3 - 4 - c - 2*c**2 - c**3. Let p(s) = s + 15. Let o be p(-17). What is h(o)?
3
Suppose -4*v = -v - 4*r - 23, -3*v + 5*r = -28. Let j(u) = u**2 - 1 + 2*u - 8*u**2 + 0*u. What is j(v)?
-6
Suppose 2*o = -19 + 7. Let v = -12 - o. Let p(m) = -m - 3. Give p(v).
3
Let d(z) = 8*z**3 - 2*z + 1. Let c be (20/2)/(2/1). Let f be -4*((-5)/(-2))/(-5). Suppose 5*v - c = n + 2*n, f*n - 3 = -3*v. Determine d(v).
7
Let c(m) be the second derivative of m**3/6 + m**2 + 5*m. Let f be c(5). Let u(v) = v - 7. Determine u(f).
0
Suppose 8*v = 9*v + 12. Let s = v + 18. Let m(p) = 0 + 6*p + 0 - p**2 - 2. Determine m(s).
-2
Let u = -66 + 61. Let z(t) = -t**3 - 5*t**2 + t - 3. Give z(u).
-8
Let t(u) be the third derivative of u**5/60 - u**4/6 + 2*u**3/3 - 10*u**2. What is t(5)?
9
Let x = 62 - 44. Suppose 4*j + x = 7*j. Let a(n) = -n - 2. Give a(j).
-8
Let l(m) = 4*m**2 - 7*m + 24. Let n(i) = i**2 - 2*i + 8. Let h(v) = -2*l(v) + 7*n(v). Calculate h(0).
8
Suppose -r - 1 + 5 = 0, z - 2*r = -5. Let g be 0 - ((z - 1) + -2). Let d(x) = g + 0 + x. What is d(5)?
5
Let p(h) = -h**3 + 2*h**2 + 2*h + 2. Let u be p(3). Let k(n) be the first derivative of -5*n**2/2 + 7. Calculate k(u).
5
Let w(k) = 3*k + 7. Let m(n) = 1. Let o(j) = 5*m(j) - w(j). Let a = -110 + 108. Determine o(a).
4
Let n(j) = j**3 - 5*j**2 - j + 4. Let d = -6 - -12. Let x be (-3)/(d/10*-1). Let f be n(x). Let m(y) = 3*y**2 - y - 1. What is m(f)?
3
Let p(t) = -10*t**3 - t. Suppose 0 = -v + 5 + 2. Let l(x) = x + 2*x**3 + 0*x + v*x**3. Let n(y) = 6*l(y) + 5*p(y). Give n(1).
5
Let z = 5 - 3. Let c(i) = 2*i - 2*i**2 + i + 5*i**z. Give c(-2).
6
Suppose -3*a = -4*w + 3, -4*a - 23 + 9 = -2*w. Let m(z) = z**2 + 2*z + 1. Calculate m(w).
4
Let r(p) = 2 + p + 5 - 2. Suppose 35 = 3*j - 4*k, 39 - 4 = 2*j - 5*k. Suppose -3*z - j = 10. What is r(z)?
0
Let c = -3 + 3. Suppose c*x + 4*w - 10 = -x, 4*x - w + 11 = 0. Let b(f) = f**2 - 2. Determine b(x).
2
Let i(a) = 21*a + 5. Let p(l) = l + 1. Let h(o) = -i(o) + 6*p(o). Let s be h(-1). Suppose -s = -5*m - 1. Let x(f) = f**3 - 2*f**2. Determine x(m).
9
Suppose -21*g + 12 = -17*g. Let w(m) be the first derivative of -g + m + 1/2*m**2. Determine w(2).
3
Let h = 79 + -155/2. Let i(j) be the second derivative of 0 - h*j**2 - 2/3*j**3 - 3*j. Give i(-2).
5
Suppose -4*c - 9 = -0*u - 5*u, -7 = u - 3*c. Let y(v) = v**2 - 2*v. Let q be y(2). Let h(a) = 2*a + q*a - 3*a - 4 + 2. What is h(u)?
-7
Let s = 16 - 12. Let m(g) = 4*g - s*g + 2*g + 2. Determine m(-2).
-2
Suppose 4*x - 2 = -3*l + 22, 0 = -l. Let n(z) = -15*z - 10. Let f(c) = 7*c + 5. Let h(g) = x*n(g) + 13*f(g). Let t be 0/2*(-1)/(-2). Determine h(t).
5
Let c = 7 + -3. Let o(m) = -3*m + 3. Give o(c).
-9
Let f(a) be the third derivative of -1/120*a**6 + 0 - a**2 + 0*a + 1/6*a**3 + 1/30*a**5 + 1/8*a**4. Calculate f(-2).
11
Let p(r) = r - 4. Let d(y) = 12*y**2 - 8 + 3*y**3 - 5*y**3 + y + 3*y**3 - 2*y. Let n be d(-12). Give p(n).
0
Let t(p) = 2. Let x(z) = z - 6. Let s(g) = -14*t(g) - 4*x(g). Determine s(-7).
24
Let k(x) = -x**2 - 4*x - 3. Let q = -28 + 24. Calculate k(q).
-3
Let k = 3 - 9. Let w be 11/(-3) - k/9. Let u(m) = -20*m - 23. Let j(x) = 7*x + 8. Let f(i) = -17*j(i) - 6*u(i). What is f(w)?
-1
Let v(d) = -2*d**2 - 10*d - 3. Let c(o) = -2*o. Let w(s) = 2*c(s) - v(s). Suppose t + 4*m = -2*t + 8, 4*m = t + 24. Give w(t).
11
Let n(k) be the second derivative of 0 + 1/6*k**4 - 5*k + 3/2*k**2 - 1/3*k**3. What is n(2)?
7
Let i(y) = y**3 - 12*y**2 + 12*y - 11. Let n be i(11). Let q(o) = 2 + 7*o**2 - 4*o**2 - o**3 + n*o**3. Calculate q(3).
2
Let j(n) = -n + 1. Let u(c) = 2*c - 5*c + 2*c + 2*c. Let b be u(4). Calculate j(b).
-3
Let t(f) = -14*f**2 - 2*f + 14. Let b(o) = 9*o**2 + o - 9. Let z(p) = -p + 16. Let c be z(11). Let d(v) = c*t(v) + 8*b(v). Give d(3).
10
Suppose 0 = 4*r - 4 - 4. Let s(q) = -r*q**2 + 4*q**3 + q - 2*q**3 - 3*q + 2. Let x be 1/4*56/(-35)*-5. Give s(x).
6
Let p = 6 - 2. Let b(v) = -1 + 5*v - p*v + 0. Let c(s) = -s**3 - 5*s**2 - s - 4. Let g be c(-5). Determine b(g).
0
Suppose -6*h + 5*h = 3. Let d be (3 - 2) + -5 - 1. Let f = d - h. Let j(g) = -g**3 - 2*g**2 - g. What is j(f)?
2
Let j(k) = 4*k**2 - 13*k + 8. Let a(l) = 5*l**2 - 14*l + 9. Let p(z) = 5*a(z) - 6*j(z). Give p(-6).
-15
Let h(l) = l + 11*l + 7*l**2 + l**3 - 7 - 8*l. Calculate h(-6).
5
Let c(w) = 2*w**3 + w**2 - 1. Let m be (-5)/(15/18) + 2. Let h be (-1)/(-2)*(m + 2). Calculate c(h).
-2
Suppose -3*a - 2*a = -245. Let h = -35 + a. Let l(o) = 1 + 2 + 16*o - h*o. What is l(-2)?
-1
Let z(l) = -l**3 - 4*l**2 + 6*l + 1. Let n(d) = d - 7. Let y be n(2). Calculate z(y).
-4
Let f = -7 - -4. Let s be -2*(f/(-6) + 0). Let c be -4 - (-1 - s)/(-1). Let t(v) = v**3 + 4*v**2 - v - 3. What is t(c)?
1
Suppose -b + 0 + 2 = 0. Suppose -5*d - 20 = -0*d, b*d - 22 = -5*z. Let s(q) = -q**2 + 6*q - 4. Give s(z).
-4
Suppose 24 = 4*k - 2*k. Let t(s) = 18*s + k*s - 34*s. Let p = 6 - 4. Give t(p).
-8
Suppose -2*p + 22 = n, -n = -5*p + n + 46. Suppose -5*a - 2*b + 0 = 4, -4*b = a - p. Let u(o) = -5*o + 4*o - 1 + 0*o. Calculate u(a).
1
Let c = 19 - 19. Let q(x) be the third derivative of x**4/24 + 5*x**3/6 + 4*x**2. What is q(c)?
5
Let u(h) be the first derivative of h**4/4 - h**3 - h**2/2 + 2*h + 1. Let k(b) = -2 - 3*b + 3*b - b**2 + 4*b + 2*b. Let j be k(5). Determine u(j).
-1
Let o(u) be the second derivative of -5/2*u**2 - 2*u + 0*u**3 + 1/12*u**4 + 0. Let l be o(0). Let p(k) = k**2 + 4*k + 4. What is p(l)?
9
Let k(l) = -2*l**3 + 5*l**2 + 6*l + 6. Let b(x) = -3*x**3 + 4*x**